 o(w) = w**2 - w - 1. Let m(x) = a(x) - 5*o(x). Let z be m(-3). Let v = 43 - z. What is the greatest common factor of 20 and v?
10
Let y = -10618 + 11748. What is the highest common divisor of 3842 and y?
226
Let f(d) = -d**3 + 13*d**2 - 12*d - 6. Let y be f(6). Suppose 7 = l - 31. Let j = 67 - l. What is the greatest common factor of j and y?
29
Let o(j) = 48*j + 3. Suppose 3*l - 46 = 2*f, -l + 83 = -3*f - 0*f. Let z = -27 - f. Let n be o(z). Calculate the greatest common divisor of n and 11.
11
Suppose d + 3*d + 28 = 0. Let v = -2 - d. Suppose -4*x = -3*j + x + 592, 3*j = -v*x + 542. Calculate the highest common factor of 27 and j.
27
Suppose d - 3*v = 17, 2*d + 2 = -v - 2*v. Suppose f = d*f + 60. Let n be (40/f)/2*-54. Calculate the highest common factor of 108 and n.
36
Let b be 6/21 + ((-204)/(-21) - 6). Suppose b*v - 14*v = -300. Suppose -i + 93 - 3 = 0. Calculate the greatest common divisor of v and i.
30
Let p(b) = 2*b**3 - 21*b**2 + 11*b + 363. Let s be p(15). What is the highest common factor of 1173 and s?
69
Suppose 2*r = -r - 9, 2*f + 3*r + 1 = 0. Suppose -5*k - 2 - 8 = 0, 0 = 3*v - f*k - 29. Calculate the greatest common divisor of v and 8.
1
Suppose -6278 = 21*m - 35*m - 29*m. Suppose 2*i = -i + 219. Calculate the highest common factor of i and m.
73
Suppose -4*i + 9984 = 66*i - 18*i. What is the highest common factor of 1224 and i?
24
Let w be (-24)/(-96) - (-1 - (-9283)/(-4)). Calculate the highest common divisor of 27 and w.
27
Let d be 38/(-4 + -15) + (2 - -5). Calculate the highest common factor of d and 990.
5
Let h(g) = 2*g**3 - 7*g**2 - g. Let c be h(7). Suppose -333*m + 731*m = 367*m + 1302. Calculate the highest common divisor of c and m.
42
Let m be (10880/24)/10 - (-4)/6. Suppose -8*l + m = -7*l. Calculate the highest common factor of 69 and l.
23
Let h be ((-7)/21 + 1)/((44/(-63156))/(-11)). What is the greatest common divisor of h and 19?
19
Suppose -19*r = -16*r - 324. Let s = 120 - r. What is the greatest common factor of s and 15?
3
Let h be 1 + (-3 - -3) + 2. Let w be (-9)/h + (-8)/12*-9. Suppose 18 = -5*p - v + 74, 0 = -2*p - 4*v + 8. Calculate the highest common divisor of p and w.
3
Suppose 3*p - 3 = 2*p + 2*y, -4*y = -3*p + 5. Let x be p*(-20 - -1) + (0 - -1). Let w = 20 + -5. Calculate the greatest common factor of w and x.
5
Let x(q) = q + 6. Let g be x(-9). Let j be 2 - (2 + g)*5. Calculate the highest common divisor of j and 7.
7
Let c = 901 + -899. Suppose f - 8 = -c*b, 2*f - 4 + 2 = 3*b. What is the greatest common factor of 412 and f?
4
Suppose 308 - 77 = 3*b. Let a(o) = -2081*o - 29106. Let r be a(-14). Calculate the highest common factor of b and r.
7
Let h(r) = r**3 - 9*r**2 - 11*r + 9. Let j be h(10). Let s be (9 - j)*(-16)/(-10). Suppose 0 = -4*y + s + 4. Calculate the highest common divisor of 5 and y.
5
Let m be 10 + -180*(756/8)/(-21). Calculate the greatest common factor of m and 130.
10
Let f = -153 + 155. Let o be (-9)/(45/(-80)) + f + -2. Suppose 4*p - 276 = 172. Calculate the greatest common factor of p and o.
16
Let k be 6358/10 + 2256/1880. What is the greatest common factor of k and 5047?
49
Suppose -z + 2*t + 3*t = 85, -4*t = 4*z + 364. Let g = z - -93. What is the highest common divisor of g and 6?
3
Let t(m) = m + 4. Let w be t(3). Let f be 3/6 - 81/(-6). Suppose -11*p - f = -12*p. Calculate the greatest common divisor of w and p.
7
Suppose -2*w + 3*s + 348 + 231 = 0, -w + 4*s = -282. Let j be (-2)/7 + (-7)/(w/(-6480)). What is the highest common factor of 14 and j?
14
Suppose 0 = -207*y + 204*y - 15, u - 4*y - 66 = 0. What is the highest common divisor of 667 and u?
23
Suppose i - 5*i + 1564 = 4*w, -w - 5*i = -387. Let g = 536 - w. Calculate the greatest common factor of g and 90.
18
Suppose 3*g = 8*g - 10. Suppose 4*j = -5*a + 629, g*a - j = -0*j + 249. Calculate the greatest common factor of a and 5.
5
Suppose -p + 245 = 4*h, -3*p = -4*p - h + 245. Let l be 126/24 - (-2 + (-9)/(-4)). What is the greatest common divisor of l and p?
5
Suppose -m = -4*z - 5*m + 52, -2*m - 4 = -z. Let x be 3/6*(-3 + -5). Let u be x/(-12)*(-4 - -10). What is the greatest common divisor of u and z?
2
Suppose -3*k + 5 + 4 = 0, 49 = 4*v - k. Let g be -13 - 1*(15 - 132). What is the highest common factor of g and v?
13
Let i be (176/10)/((-1)/5). Let a be 1 + 48 + 1 - (88 + i). What is the greatest common divisor of 10 and a?
10
Suppose -16 = 2*p - 100. Let t(i) = -i**3 + 7*i**2 + 11*i - 10. Let c be t(8). Calculate the greatest common factor of p and c.
14
Suppose -32*v + 1322 = -2198. What is the greatest common factor of v and 935?
55
Let j(q) = -6*q + 0*q + 4*q + q + 31. Let v be j(9). Let a be (-22)/(-8)*20/5. What is the highest common divisor of v and a?
11
Suppose 4*x = -x + m + 275, -220 = -4*x + 3*m. Suppose 3*u - 3*v = -x + 307, -72 = -u + 4*v. Calculate the greatest common factor of 132 and u.
44
Suppose 0 = -q - 4*z - 34 + 4, 0 = -3*q + z - 51. Let a = q - -19. Let j be (3*10)/3 - 1. Calculate the greatest common factor of a and j.
1
Let u(q) = 4*q - 2. Let d be u(11). Let p be 3 - (-2)/(4/d). Let m(v) = -v**3 + 5*v**2 + 16*v - 6. Let t be m(7). What is the highest common factor of t and p?
8
Let j be -4 - (-2 - -7)*-19. Suppose -5*s + j = 71. Suppose 0 = v - 6*v - 5, -2*v = -s*x + 22. What is the greatest common divisor of x and 45?
5
Suppose -2*v = 4*j - 124, -155*v = -154*v - 5*j - 20. Calculate the highest common factor of v and 5030.
10
Suppose 92 = -17*k + 75. Let v(l) = 36*l**2 + 6*l. Let s be v(k). What is the greatest common factor of s and 54?
6
Suppose -4*i + x + 235 = 24, 3*x + 156 = 3*i. Let q = -49 + i. Suppose p - 5*l + 4 = 40, -q*p = -2*l - 72. Calculate the greatest common factor of 80 and p.
16
Let x = 4473 + -4364. Calculate the greatest common divisor of x and 8829.
109
Let b be 5/(1/4*2). Let q be ((-51)/(-17))/(0 + 1/(-2)). Let v be (-165)/(8/(32/q)). Calculate the highest common divisor of b and v.
10
Suppose h - 144 = -2*x, 5*x - 15*x = -15*x. What is the highest common factor of h and 12168?
72
Let k = 5793 - 5499. What is the greatest common factor of k and 196?
98
Suppose 3*t = -5*u + 343, -2*u + 24 = -2*t - 94. What is the highest common factor of u and 1000?
5
Let h be 8 + -3*(-1 - 637/21). What is the highest common factor of h and 48?
6
Let w = -400 - -399. Let d(m) = 65*m**2 + 0*m**2 + 1 + m + 15*m**2. Let b be d(w). What is the greatest common factor of 32 and b?
16
Let s(g) = 4*g**2 + 30*g - 411. Let a be s(-32). What is the highest common factor of a and 25?
25
Suppose -3*d + 3*f + 11 + 16 = 0, -d - 15 = 5*f. Suppose d*m = -3*h + 5390, -1358 - 802 = -2*m - 2*h. What is the greatest common divisor of 25 and m?
25
Let s(m) = m**2 - 66*m - 891. Let v be s(83). Calculate the greatest common divisor of v and 4640.
40
Let n(f) = 108*f**3 + 2*f + 1. Let r be n(-1). Let p = -89 - r. Let l(b) = -29*b - 5. Let i be l(-5). What is the highest common divisor of p and i?
20
Suppose 3*l + 5*a - 490 = 0, -5*a = -0*a + 5. Let g = -15 - -48. What is the greatest common divisor of g and l?
33
Let l(k) = 9*k**2 + 2*k - 8. Let q be l(2). Suppose 943 = q*z + 9*z. Calculate the highest common factor of 368 and z.
23
Let o be 500535/98 + 9/(-6). Calculate the greatest common divisor of o and 2442.
222
Suppose 26*x = 11*x - 45. Let b be 4/(9/((-216)/x)). What is the greatest common factor of 6 and b?
2
Let c be 2/24*-4 + (-20440)/(-21). Calculate the highest common factor of c and 7.
7
Suppose -2*q - 3*m + 178 = 65, 52 = q + 3*m. Suppose -5*v = 2*b - 41 + 12, v = -5*b + q. Calculate the highest common divisor of b and 36.
12
Let b be 249/4*2780/15. What is the highest common factor of b and 83?
83
Let d be -1 + (-5 - (1 - -116)). Let o = d - -119. Let h be (-135)/(14/o*9/21). Calculate the highest common factor of h and 10.
10
Let l(k) = 2*k**2 - 100*k + 488. Let z be l(5). Calculate the greatest common divisor of z and 323.
19
Let t(j) = j**3 + 9*j**2 + 70*j + 339. Let r be t(-6). What is the highest common factor of r and 1611?
9
Suppose -74*l + 45*l = -1145 + 14. Calculate the greatest common factor of 52 and l.
13
Suppose -3*h + 54 = 4*w, -w = -83*h + 78*h - 48. What is the greatest common factor of w and 4149?
9
Suppose 6 = 2*a - 2*p, 3*a + 4*p - 46 = -30. What is the gr